0)). Suppose -j - 4*u = -3, -2 = -4*j - u + z. List the prime factors of j.
11
Let o = 2 + 0. Suppose -o*d + x = -12, -3*d + 24 = d - 5*x. List the prime factors of d.
2, 3
Let k(v) = v**2 - 6*v + 3. Let b be k(5). Let u = b - 9. Let g = -6 - u. What are the prime factors of g?
5
Suppose -2*t = -c - 0*t + 55, c - 85 = -4*t. Suppose u + 4*u = c. List the prime factors of u.
13
Let q(p) = -p - 1. Let m(i) = -7*i - 8. Suppose -10 = 2*x, 0*x + 3*x = 2*c - 13. Let l(z) = c*m(z) + 6*q(z). List the prime factors of l(3).
5
Let j(c) = c + 3. Suppose 19 - 3 = -2*u. Let m = u + 11. What are the prime factors of j(m)?
2, 3
Let o be (2/(-3))/((-2)/24). Suppose 20 + o = 2*r. What are the prime factors of r?
2, 7
Let d(p) = 35*p**2 - 2*p + 2. Let u be d(1). Suppose -u = -3*w + 3*j + 115, 100 = 2*w + j. What are the prime factors of w?
2, 5
Let r be (90/(-24))/(3/8). Let p(j) = 19*j**3 + j**2 - 1. Let y be p(1). Let t = r + y. What are the prime factors of t?
3
Let d = -24 + 39. What are the prime factors of d?
3, 5
Let l = -17 - -27. Suppose 5*o - 2*h + l = 0, h + 4 = o - 3*o. Let q = o + 6. List the prime factors of q.
2
Let z(h) be the third derivative of h**5/30 + h**4/8 + h**3/2 + h**2. List the prime factors of z(-4).
23
Let u be (-3 + (-22)/(-6))*3. Let q = 3 + -1. Suppose -14 = -2*x + u*o, -q*o + 49 = 2*x + 3*x. List the prime factors of x.
3
Suppose -3*q + 0*p + 61 = -4*p, 4 = 2*p. Suppose 2*v - q = 5*d, 0 = v - 3*v + 4*d + 26. What are the prime factors of v?
19
Let t be 4 + (-3 - 4) + 6. Suppose 3*q - 86 = -4*f, f + t*f = 4*q - 68. What are the prime factors of q?
2, 11
Suppose 0 = -3*l + l + 156. List the prime factors of l.
2, 3, 13
Let k(g) = -3*g**2 - g**3 + 2*g**2 - 2*g**2 + 2 - 3*g. What are the prime factors of k(-3)?
11
Let k(j) = j**2 + j + 15. Suppose 3*z = 2*z. List the prime factors of k(z).
3, 5
Suppose 0 = 3*k + 2 - 5. What are the prime factors of -3 - 0 - (k - 8)?
2
Suppose -5*g - 2*h - 2*h = -24, 5*g + 2*h = 32. Let k = g + -5. Suppose -38 = -4*z - 3*a, 0 = -z + k*a - 2*a + 13. List the prime factors of z.
11
Let x(u) = -u**3 - 30*u**2 - 6*u + 39. What are the prime factors of x(-30)?
3, 73
Suppose f + 3*f = 0. Suppose -j + 3*j = f. Let v = 10 - j. What are the prime factors of v?
2, 5
Let f(p) = -5*p**3 - p**2 + 2*p - 2. What are the prime factors of f(-3)?
2, 59
Let k(p) = p**3 - 2*p**2 + 7*p - 15. What are the prime factors of k(7)?
3, 31
Let u be 65/15 + 4/6. Let r = -2 + u. Suppose 2*k - r + 2 = 3*b, -3*k - 2*b + 8 = 0. What are the prime factors of k?
2
Let f = -8 + 12. Suppose 0*n - f*n + 68 = 0. List the prime factors of n.
17
Suppose 60 = -12*k + 15*k. List the prime factors of k.
2, 5
Suppose 0 = -3*b - 0*q - 4*q + 252, 4*b = -2*q + 326. Suppose 9*f + b = 4*f. What are the prime factors of (-2)/8 + (-164)/f?
2, 5
Let q(d) be the second derivative of d**4/12 + 7*d**3/3 + 11*d**2/2 - 6*d. What are the prime factors of q(-14)?
11
Let d(j) = 3*j**2 - 2*j + 2. Let v(p) = p**3 + p**2 - p + 1. Suppose -5 = -2*s + 2*m + 7, -3*s + 2*m = -13. Let w be v(s). What are the prime factors of d(w)?
2, 5
Suppose -15 = -0*x - 3*x. Suppose -4*s = x*t - 101, 4*s - 82 = -t + 31. List the prime factors of s.
29
Suppose -3*s - 3*u + 57 = 0, 5*s - s = 5*u + 103. List the prime factors of s.
2, 11
Let i(t) = 15*t - 3. Let o be i(6). Suppose o = 3*p - 15. Suppose -5*c = -21 - p. What are the prime factors of c?
11
Let h be (-1 + 0)/(3/9). What are the prime factors of (-18)/(9/h)*1?
2, 3
Let a = -2 + 3. List the prime factors of a/(-2)*(-360)/4.
3, 5
Suppose -331 = -4*p + 73. List the prime factors of p.
101
Let u = 0 - 0. Suppose u*v - 2*v = -10. What are the prime factors of v?
5
Let z = -36 + 50. What are the prime factors of 2/2 + (z - 0)?
3, 5
Suppose -n - n = -2. What are the prime factors of ((-2)/n + 7)/1?
5
Let g(s) = 9*s - 2. Let z be g(-2). Let w = 39 + z. What are the prime factors of w?
19
Suppose 2 = m - 2. Let a = -4 + m. Let v = a + 2. What are the prime factors of v?
2
Let m(g) be the third derivative of -g**4/8 - g**3/6 + 5*g**2. What are the prime factors of m(-2)?
5
Let c be (6/(-9))/(4/(-6)). Let g be (3/c)/(3 + -2). Suppose v = 5*n + 4, 6*v - v - 20 = g*n. What are the prime factors of v?
2
Let r = -83 - -392. List the prime factors of r.
3, 103
Let p(r) = -3*r - 11. Let v(c) = c. Let b(f) = -p(f) - 2*v(f). List the prime factors of b(13).
2, 3
Let w be 1*(2/2 - 11). Let x be w*2*2/(-8). Suppose 2*b + 1 = 3*g, 2*b - 3*b = x*g - 32. List the prime factors of b.
7
Let s = -175 - -402. What are the prime factors of s?
227
Let t(k) = 6*k - 2. Let b(n) = -17*n + 7. Let r(l) = 3*b(l) + 8*t(l). What are the prime factors of r(-4)?
17
Let c(u) = -2*u + 2. What are the prime factors of c(-10)?
2, 11
Let u(q) = q**3 - 4*q**2 + 3*q - 4. Suppose -3 - 1 = -2*d. Suppose 3*t = -0*t + d*p + 22, -20 = 4*p. What are the prime factors of u(t)?
2
Let u = 1 - 35. Suppose h - 105 = 6*h. Let g = h - u. What are the prime factors of g?
13
Suppose -3*s - 5 + 14 = 0. What are the prime factors of 3 + (9 + s)*3?
3, 13
Let k(y) = -y**2 - 4*y. Let v be k(-2). Suppose -3 = v*p - 43. What are the prime factors of p?
2, 5
Suppose 0 = -5*m + 265 + 40. List the prime factors of m.
61
Let r(y) = -y**3 + 4*y**2 + 4*y + 7. What are the prime factors of r(5)?
2
Suppose 0*r - 3*r = 0. Let n be 4/6 + 50/6. Let q = r + n. List the prime factors of q.
3
Suppose 1512 = -7*v + 13*v. What are the prime factors of v?
2, 3, 7
List the prime factors of (-33)/(2 - 3)*1.
3, 11
Let j be (-5)/(-2)*8/5. Let f(l) = 3 + j*l**2 - 3*l**2 + l**2 + 9*l - 3*l**2. What are the prime factors of f(8)?
11
Suppose -3*o + 27 = 4*w, 3*w + 4 + 2 = 3*o. Suppose -z - 67 = -w*m, 4*m + 3*z = z + 106. List the prime factors of m.
2, 3
Let x(n) = 169*n + 2. What are the prime factors of x(1)?
3, 19
Let c(n) = 5*n**2 - n - 2. Let j be c(-2). Suppose 0 = -3*p - p. Suppose -4*h + 3*q + j = p, -2*q - 2*q - 12 = 2*h. List the prime factors of h.
2
Let a be 4 - (1 + 1 - 0). Suppose -4*t - 1 = -3*t, -r = a*t - 5. What are the prime factors of r?
7
Suppose -5*g = -g - 72. Let u = -12 + g. Suppose -u = -2*d - d. What are the prime factors of d?
2
Let d = 3 + 122. List the prime factors of d.
5
Suppose -13 + 35 = 5*w - 4*c, -w - 3*c - 7 = 0. Suppose -2*g - 4*u + 4 = -0, 0 = -w*g + u - 21. Let l = 12 + g. What are the prime factors of l?
2
Let t(p) = p**3 + 5*p**2 + 2*p + 5. Let i be t(-4). Suppose 11*y = 12*y - i. What are the prime factors of y?
13
Suppose 2*k = -4 + 10. Suppose 2*h = k*h - 2. Suppose -2*f + 4 = h*g - 4*g, -5*f = -2*g - 19. What are the prime factors of f?
5
What are the prime factors of (-1)/(-1)*2 - -10?
2, 3
Let h be 4/20 - (-1)/(-5). Suppose h = -j + 5*j + 16. Let a = -1 - j. List the prime factors of a.
3
Let f = -3 + 5. Let g be (2/(-3))/(f/(-6)). What are the prime factors of (4/g*9)/2?
3
Let o be 4/(-3*(-2)/9). Let z = o + 11. List the prime factors of z.
17
Let n(f) = -f + 19. What are the prime factors of n(6)?
13
Let j be (-27)/(-4) + (-1)/(-4). Let d = j + -3. Suppose -4*i = -3*h + 34, 9 = d*h + 3*i - 53. What are the prime factors of h?
2, 7
Let k(p) = 12*p + 1. What are the prime factors of k(1)?
13
Suppose -4*s = -5*d - 712, -3*s - 2*d = -122 - 412. List the prime factors of s.
2, 89
Let m(b) = b - 8. Let r be m(9). Let t = r - 1. Suppose 4*x = -t*x + 5*o + 3, -2*o - 11 = -3*x. What are the prime factors of x?
7
Let d(t) = 4*t - 13. Let q(c) = c - 4. Let r(l) = 2*d(l) - 7*q(l). Let f(i) = -i - 1. Let m(y) = -5*f(y) - 3*r(y). What are the prime factors of m(7)?
13
What are the prime factors of 2 + (0 - -2) + 97?
101
Let q(p) = -2*p**3 - 2 + 3 - 8*p**3 + 2*p + p**2. Suppose v + 2 - 1 = 0. What are the prime factors of q(v)?
2, 5
Suppose o - 30 = -f + 2*f, 2*f = 4*o - 128. List the prime factors of o.
2, 17
Suppose 3*i = -0*i + 141. Suppose 2*l = -4, i = 3*a - 2*l + l. Suppose 0 = u + k - a, 2*u - k = 4*u - 32. List the prime factors of u.
17
Suppose 5*g - 501 = v, -5*g + 61 = -3*v - 432. List the prime factors of g.
101
Let d(j) = j**3 + 2*j**2 + 3*j + 6. List the prime factors of d(4).
2, 3, 19
Let k(u) = u**2 - 3*u. List the prime factors of k(7).
2, 7
Let z be (-246)/9 + (-4)/6. Let v = 55 + z. List the prime factors of v.
3
What are the prime factors of 5/40*-6 - 163/